. Suppose j - v - 205 = 0, j - 2*v + i - 291 = 0. Is j a composite number?
True
Let c be 3 - 2 - (0 + 1). Suppose -2*d + c*d = 3*j + 308, 0 = d + 3*j + 151. Is d/(-3) + (-8)/(-12) a composite number?
False
Suppose 2*q + 2 = 2*c, 0 = 2*q - c + 5 + 1. Is q - (-99)/21 - (-583)/7 a composite number?
False
Let h be (9/2)/((-4)/(-168)). Suppose j + h - 542 = 0. Is j prime?
True
Let z = 9508 + -6693. Let v = -201 + z. Is v composite?
True
Let t be (-115)/(-35) - 4/14. Suppose -4*h + 3159 = 5*u, 0 = -0*u + u - t*h - 628. Is u prime?
True
Suppose 2*z = 5*y - 57, 4*z - 2*y + 84 = 2*y. Let x = 21 + z. Suppose 3*l = 5*l + 8, x*k - 563 = -3*l. Is k a prime number?
False
Let d = 142 - 87. Is d prime?
False
Let j = -25 - -29. Let s be -4*10/(-8) + j. Suppose 4 = 5*p - 5*o + 9, -p + s = o. Is p a composite number?
True
Let w = 35 - 15. Suppose -4 = -3*v + v. Suppose -v*x - w = -184. Is x a composite number?
True
Is (-17)/6 + (-4)/24 + 8694 prime?
False
Let j(o) = -356*o - 39. Is j(-11) a composite number?
False
Let n = -30 + 40. Is (-1 - -2)/(n/550) prime?
False
Suppose -12 = -7*h + 16. Let a be (2 - 0) + 0 + 771. Suppose 0 = -m - 2*m - 5*t + 2268, -a = -m + h*t. Is m composite?
False
Let x(v) = -3589*v - 188. Is x(-7) prime?
False
Is 1 + -5 - (-6 - 0 - 7805) composite?
True
Let f(i) = i**3 + 5*i**2 + i - 3. Let r be f(-4). Suppose -c = -4*c + r. Suppose -283 = -j + 5*b, -2*j = c*j + 2*b - 1307. Is j a prime number?
True
Let v = 18 - 75. Let a = v - -964. Is a a composite number?
False
Suppose 2291 = 3*r - 391. Suppose 3*c = 5*c - r. Suppose -3*u + u + 4*m = -162, -4*m = 5*u - c. Is u a prime number?
False
Suppose 14207 = 23*u - 33656. Is u composite?
False
Suppose 0 = 9*o - 13261 - 9410. Is o composite?
True
Suppose w = -5*b - 15, -4 = b + 4*w - 1. Suppose 0*g + g = 767. Is b/3 + -3 + g prime?
False
Let s(w) = 5*w**2 + 13*w + 2. Let j be s(-11). Let f = j - -473. Is f a prime number?
True
Let g be 7/(112/12)*-264. Let q = g - -707. Is q prime?
True
Let y(z) = 178*z**2 - z - 7. Let c be y(-3). Suppose 0 = -17*b + 15*b + c. Is b a prime number?
False
Suppose -1656 - 1168 = -8*n. Suppose -f + 0*f = -n. Is f a prime number?
True
Let s be 6111/(-14)*(-3)/((-18)/8). Let k = s + 2523. Is k a prime number?
False
Suppose -5*l + 2*n = -50505, -17*n = l - 15*n - 10089. Is l a composite number?
False
Is (2853 + 1)/(-6 - 2520/(-414)) prime?
False
Suppose 7*a = 17443 + 70666. Is a prime?
False
Suppose -4*r = 7*g - 3*g + 928, 0 = -5*r - 3*g - 1162. Suppose -25*u - 1980 = -31*u. Let q = u + r. Is q a composite number?
False
Suppose -1 = 3*s - 16. Suppose 4*p = 2*p + s*n - 45, -2*p - n = 27. Let l = p - -36. Is l composite?
True
Let n = 557 - 53. Let g = -1 + 3. Suppose 98 = g*d - n. Is d prime?
False
Let f(d) = -38*d**2 - 3*d - 2. Let i be f(-2). Is (i/3)/((-12)/18) a prime number?
False
Let t(d) = 4*d**2 + 6*d + 3. Let m(u) = -12*u**2 - 17*u - 8. Let s(l) = -4*m(l) - 11*t(l). Let a(x) = x**2 - 9. Let g be a(0). Is s(g) a composite number?
True
Let s(t) = -189*t - 79. Is s(-38) a composite number?
False
Let k(t) = -153*t**3 + 5*t**2 - 8*t + 6. Let j be k(4). Is ((-1)/2)/(3/j*3) a composite number?
False
Suppose -5*n - 3*c = -253, -16*c + 17*c + 269 = 5*n. Is n a prime number?
True
Suppose 144 = -t + 5*b, 0*t - b + 128 = -t. Let k be 209/((-1)/1 + 0). Let f = t - k. Is f a composite number?
True
Let v(k) = k**3 - 14*k**2 + 24*k - 64. Is v(13) composite?
False
Suppose -2*g - 2 = -5*o, 24 = 5*g - 0*o + 2*o. Suppose g*c = -4*q + 492, 3*c - 5*c + 270 = -4*q. Is c prime?
True
Let v = -3935 + 2145. Let q = v + 1264. Is (1*q)/(10/(-5)) prime?
True
Let p be (1/(-3))/(1/(-15)). Suppose -n + 8 = 5*w, -p*n - 3 = 2*w + 3. Suppose -3*u + c = -u - 184, -2*u + w*c + 186 = 0. Is u a composite number?
True
Suppose 3*d = 3*s + 73 + 35, -d + 4*s = -45. Suppose -d*w = -31*w - 1486. Is w a composite number?
False
Suppose 0 = -4*o + 4*z + 83328, -3*z + 8*z = 25. Is o a prime number?
False
Suppose -355305 = -5*b - 0*b + 5*z, 4*b - 284244 = -4*z. Is b composite?
True
Let x be ((-4 + 2)*-2 - 8) + 508. Let n = x + -299. Is n a composite number?
True
Let q(v) = 0 + 2 + 18*v + 19*v. Let d = 230 - 227. Is q(d) prime?
True
Suppose 0 = -0*r + 2*r + 4. Let x = 2 - r. Suppose 0 = -2*s + 5*s + x*u - 1129, -2*s + u = -738. Is s prime?
False
Suppose 0 = -4*v + c + 252423, 6*c - 8*c = 5*v - 315545. Is v a prime number?
False
Let o = 5652 - 2353. Is o a composite number?
False
Let x = -18973 + 41708. Is x composite?
True
Let m(b) = -4*b - 6. Let h be m(-4). Let x = 69 - 63. Is x/h - 1992/(-30) a prime number?
True
Let o be (1 - 0 - -6) + -2. Suppose -3*c + 3*q = -510, 355 = -c + 3*c + 3*q. Suppose 3*l = -u + 283, -o*l + 2*u + c + 295 = 0. Is l a composite number?
True
Let p be 12/(-18)*1*4221. Let x = p + 4129. Is x a prime number?
False
Let n(z) = 12*z - 13. Let s be n(4). Suppose 0 = -u + 642 + s. Is u composite?
False
Let t be (-26)/(-65) + 8/5. Suppose 3*h - 2 = t*h. Is 2/((-2*h)/(-116)) composite?
True
Suppose -o + 15 = 2*o. Let g(a) = -9*a - o - 13*a + 7*a. Is g(-10) a prime number?
False
Suppose -281*f + 273*f + 312824 = 0. Is f prime?
True
Let f(m) = -70*m + 11. Suppose 4*x + 32 = 4*z, 2*z = -x - 1 - 4. Let s be (-54)/(-126) - (-108)/x. Is f(s) composite?
False
Suppose 3*g = 2*s + 18737, -2*s = -15*g + 18*g - 18745. Is g a prime number?
True
Let b(p) = 159*p**3 - 1. Let o be b(-1). Let q be (-287945)/(-798) - (-2)/12. Let a = o + q. Is a a composite number?
True
Let i = -9932 + 17685. Is i a composite number?
False
Let m be -2 + (9 - (0 + 0)). Suppose 0 = m*v - 3*v - 8. Is v + 356 - 1*-1 prime?
True
Is -3 - (-15963 - 3) - (-2 - -6) composite?
False
Let y = 10156 + -6073. Is y prime?
False
Suppose 45766 = 10*c - 20404. Is c composite?
True
Suppose -13*d + 14*d = 2*g + 6885, 20647 = 3*d - 2*g. Is d a composite number?
True
Let o(z) = -41*z**3 - z**2 + z + 4. Let u(i) = 81*i**3 + 3*i**2 - i - 9. Let f(c) = 5*o(c) + 3*u(c). Is f(3) composite?
False
Suppose 745 = -5*w + 6050. Is w composite?
False
Let v(m) = 86*m**2 + 8*m - 1. Is v(7) a composite number?
True
Suppose 3*d + 2*x = -x + 2685, 5*x - 887 = -d. Suppose -w - m + 223 = 0, -w + d = 3*w + 5*m. Is w a composite number?
True
Let d = -370589 + 581782. Is d a composite number?
False
Suppose 0 = -2*t + t + 28. Suppose -4*m = 5*x - 603, 3*m - 5*x = -m + 573. Let y = m - t. Is y composite?
True
Suppose 0 = -m + 5*m - 8. Suppose -m*w = w + 318. Is -1 - ((0 - 1) + w) a composite number?
True
Suppose -a - 1844 = 2*p, 6*a - 3*a - 12 = 0. Is (-20)/8 + p/(-8) a prime number?
True
Suppose 0*p + 5*p - 13 = 4*w, -2*w = 5*p - 31. Let l be 4 - (-1)/(w/(-6)). Let t(d) = 42*d - 5. Is t(l) composite?
False
Suppose 2768 = 4*v + 2*s - 7*s, 3*v = 3*s + 2079. Is v a composite number?
True
Is (-7)/(0 + -7) + (3989 - 1) a composite number?
False
Let t be (-146066)/(-10) + (-4)/(-10). Suppose -t = -4*b - 5171. Is b composite?
True
Let h be 3/(-4) - 681/36*-3. Let w = 83 + h. Is w prime?
True
Let n = 6454 + -4523. Is n a composite number?
False
Let p(m) = -7*m + 1. Suppose -4*o = -9*o - 5. Let c be p(o). Let a(x) = -x**3 + 10*x**2 - x - 11. Is a(c) a prime number?
True
Suppose -2*b = 3*b + v + 2, -2 = 4*b + v. Suppose b = -5*f + 3903 - 488. Is f a composite number?
False
Let n = 26 + -14. Suppose -4*k + 10*k - 1122 = 0. Let u = k + n. Is u a prime number?
True
Suppose -2*o = 1 - 11. Suppose 2 = -t - 1, o*t = 3*p - 27. Suppose 409 = p*s - 75. Is s composite?
True
Suppose -4*w + 20 = 2*d, -w + 4*d + 15 = 1. Let l(s) = 2*s**2 + 6*s - 5. Let p(h) = h**2 + 7*h - 5. Let z(c) = 3*l(c) - 2*p(c). Is z(w) composite?
False
Let j = 12795 - 2926. Is j prime?
False
Suppose 2*n = -2*n - 20. Let w = 5 - n. Suppose -w + 36 = g. Is g prime?
False
Let z be 1 - (1 - (-1239 + -1)). Let d be 8350/(-26) - 36/(-234). Let u = d - z. Is u prime?
True
Let v(z) = 36*z - 7. Let y(g) = -g - 2. Let o be y(-6). Suppose o*s = 4*k + 12, 34 + 5 = 5*s + 3*k. Is v(s) a composite number?
True
Suppose 0 = 24*w - 101179 - 69725. Is w prime?
True
Let x(l) = 2*l**2 + l + 8. Let b be x(7). Let h be (11 - 4)*144/28. Let s = h + b. Is s a composite number?
False
Let h = -34 - -12. Is h/77 - 2818/(-14) prime?
False
Is 134112/42 + 18/21 a prime number?
False
Let h = 30662 - 17172. Suppose h = 17*y - 1419. Is y a prime num